4?
52
Calculate the remainder when 1305 is divided by 12.
9
Calculate the remainder when 39 is divided by 18.
3
What is the remainder when 71 is divided by 44?
27
What is the remainder when 127 is divided by 19?
13
Calculate the remainder when 275 is divided by 274.
1
What is the remainder when 43 is divided by 29?
14
Calculate the remainder when 82 is divided by 73.
9
What is the remainder when 272 is divided by 55?
52
Calculate the remainder when 1355 is divided by 169.
3
What is the remainder when 232 is divided by 83?
66
Calculate the remainder when 509 is divided by 21.
5
What is the remainder when 611 is divided by 66?
17
Calculate the remainder when 472 is divided by 28.
24
Calculate the remainder when 74 is divided by 14.
4
What is the remainder when 177 is divided by 49?
30
What is the remainder when 562 is divided by 72?
58
Calculate the remainder when 156 is divided by 16.
12
What is the remainder when 298 is divided by 23?
22
Calculate the remainder when 24 is divided by 22.
2
Calculate the remainder when 145 is divided by 40.
25
What is the remainder when 3317 is divided by 332?
329
What is the remainder when 256 is divided by 66?
58
What is the remainder when 1098 is divided by 71?
33
Calculate the remainder when 237 is divided by 48.
45
Calculate the remainder when 4901 is divided by 2446.
9
Calculate the remainder when 408 is divided by 88.
56
What is the remainder when 604 is divided by 38?
34
Calculate the remainder when 104 is divided by 77.
27
What is the remainder when 195 is divided by 29?
21
Calculate the remainder when 241 is divided by 241.
0
Calculate the remainder when 429 is divided by 172.
85
Calculate the remainder when 156 is divided by 83.
73
Calculate the remainder when 1384 is divided by 16.
8
Calculate the remainder when 361 is divided by 42.
25
Calculate the remainder when 3867 is divided by 90.
87
Calculate the remainder when 65843 is divided by 186.
185
Calculate the remainder when 202 is divided by 24.
10
What is the remainder when 42 is divided by 39?
3
Calculate the remainder when 607 is divided by 52.
35
What is the remainder when 80 is divided by 24?
8
What is the remainder when 1549 is divided by 120?
109
What is the remainder when 407 is divided by 194?
19
What is the remainder when 1746 is divided by 819?
108
What is the remainder when 71 is divided by 24?
23
What is the remainder when 368 is divided by 127?
114
Calculate the remainder when 141 is divided by 36.
33
What is the remainder when 46857 is divided by 55?
52
What is the remainder when 876 is divided by 217?
8
What is the remainder when 457 is divided by 52?
41
What is the remainder when 222 is divided by 105?
12
What is the remainder when 371 is divided by 136?
99
Calculate the remainder when 2849 is divided by 15.
14
What is the remainder when 4587 is divided by 9?
6
Calculate the remainder when 324 is divided by 60.
24
Calculate the remainder when 1398 is divided by 309.
162
What is the remainder when 72 is divided by 10?
2
Calculate the remainder when 613 is divided by 44.
41
Calculate the remainder when 351 is divided by 36.
27
What is the remainder when 5689 is divided by 21?
19
Calculate the remainder when 710 is divided by 23.
20
Calculate the remainder when 1235 is divided by 155.
150
Calculate the remainder when 943 is divided by 146.
67
Calculate the remainder when 440 is divided by 202.
36
What is the remainder when 58 is divided by 9?
4
Calculate the remainder when 106 is divided by 31.
13
What is the remainder when 370 is divided by 116?
22
What is the remainder when 85 is divided by 41?
3
What is the remainder when 256 is divided by 5?
1
Calculate the remainder when 639 is divided by 8.
7
Calculate the remainder when 107 is divided by 36.
35
Calculate the remainder when 17606 is divided by 62.
60
What is the remainder when 595 is divided by 51?
34
Calculate the remainder when 413 is divided by 13.
10
What is the remainder when 725 is divided by 27?
23
What is the remainder when 92 is divided by 19?
16
What is the remainder when 17 is divided by 6?
5
What is the remainder when 328 is divided by 5?
3
Calculate the remainder when 1167 is divided by 45.
42
Calculate the remainder when 467 is divided by 17.
8
What is the remainder when 682 is divided by 201?
79
Calculate the remainder when 118 is divided by 41.
36
Calculate the remainder when 696 is divided by 26.
20
Calculate the remainder when 695 is divided by 17.
15
What is the remainder when 41 is divided by 12?
5
What is the remainder when 480 is divided by 62?
46
Calculate the remainder when 75 is divided by 31.
13
What is the remainder when 101 is divided by 38?
25
What is the remainder when 1097 is divided by 38?
33
What is the remainder when 12913 is divided by 4304?
1
What is the remainder when 368 is divided by 18?
8
Calculate the remainder when 109 is divided by 58.
51
Calculate the remainder when 233 is divided by 47.
45
Calculate the remainder when 678 is divided by 5.
3
Calculate the remainder when 57 is divided by 14.
1
Calculate the remainder when 295 is divided by 43.
37
What is the remainder when 604 is divided by 549?
55
Calculate the remainder when 8545 is divided by 111.
109
Calculate the remainder when 2257 is divided by 251.
249
Calculate the remainder when 430 is divided by 32.
14
Calculate the remainder when 823 is divided by 86.
49
What is the remainder when 2634 is divided by 34?
16
Calculate the remainder when 2886 is divided by 76.
74
What is the remainder when 141 is divided by 13?
11
What is the remainder when 152 is divided by 18?
8
What is the remainder when 1713 is divided by 13?
10
Calculate the remainder when 1528 is divided by 15.
13
What is the remainder when 78 is divided by 42?
36
What is the remainder when 141 is divided by 28?
1
What is the remainder when 2431 is divided by 1206?
19
What is the remainder when 1075 is divided by 30?
25
What is the remainder when 2665 is divided by 298?
281
What is the remainder when 124 is divided by 37?
13
Calculate the remainder when 789 is divided by 780.
9
What is the remainder when 99 is divided by 20?
19
Calculate the remainder when 224 is divided by 23.
17
Calculate the remainder when 7652 is divided by 29.
25
What is the remainder when 240 is divided by 40?
0
What is the remainder when 12427 is divided by 110?
107
Calculate the remainder when 478 is divided by 32.
30
Calculate the remainder when 584 is divided by 118.
112
What is the remainder when 11757 is divided by 98?
95
What is the remainder when 1535 is divided by 111?
92
What is the remainder when 158 is divided by 41?
35
Calculate the remainder when 1356 is divided by 227.
221
Calculate the remainder when 407 is divided by 51.
50
Calculate the remainder when 1964 is divided by 24.
20
What is the remainder when 414 is divided by 19?
15
What is the remainder when 157 is divided by 28?
17
Calculate the remainder when 710 is divided by 346.
18
Calculate the remainder when 182 is divided by 84.
14
Calculate the remainder when 350 is divided by 22.
20
What is the remainder when 582 is divided by 16?
6
Calculate the remainder when 134 is divided by 90.
44
What is the remainder when 456 is divided by 118?
102
What is the remainder when 169 is divided by 14?
1
Calculate the remainder when 94 is divided by 10.
4
What is the remainder when 12 is divided by 6?
0
What is the remainder when 230 is divided by 21?
20
What is the remainder when 662 is divided by 351?
311
What is the remainder when 237 is divided by 228?
9
What is the remainder when 176 is divided by 10?
6
What is the remainder when 795 is divided by 42?
39
Calculate the remainder when 573 is divided by 78.
27
What is the remainder when 149 is divided by 44?
17
Calculate the remainder when 100 is divided by 15.
10
What is the remainder when 99 is divided by 20?
19
What is the remainder when 7913 is divided by 203?
199
Calculate the remainder when 250 is divided by 140.
110
Calculate the remainder when 3494 is divided by 19.
17
What is the remainder when 444 is divided by 13?
2
What is the remainder when 209 is divided by 87?
35
Calculate the remainder when 766 is divided by 25.
16
What is the remainder when 1298 is divided by 188?
170
What is the remainder when 4136 is divided by 69?
